{"id":1673,"date":"2022-12-02T12:15:41","date_gmt":"2022-12-02T11:15:41","guid":{"rendered":"https:\/\/www.sainttropez.aeroport.fr\/?page_id=1673"},"modified":"2025-04-23T17:37:29","modified_gmt":"2025-04-23T16:37:29","slug":"histoire","status":"publish","type":"page","link":"https:\/\/www.sainttropez.aeroport.fr\/fr\/aeroport\/histoire","title":{"rendered":"Histoire"},"content":{"rendered":"\n<div class=\"wp-block-group alignwide has-w-background-color has-background is-layout-flow wp-block-group-is-layout-flow\">\n<h2 class=\"wp-block-heading\">1964<\/h2>\n\n\n\n<p class=\"wp-block-paragraph\">Le 8 ao\u00fbt 1964, le comte Fran\u00e7ois Gazeau et M. Marc Den Bosch ont cr\u00e9\u00e9, sur la bande de terre s&rsquo;\u00e9tirant entre la Nationale d&rsquo;alors et la rivi\u00e8re, un terrain d&rsquo;aviation l\u00e9g\u00e8re, dite de plaisance et aussi d&rsquo;affaires.<\/p>\n\n\n\n<p class=\"wp-block-paragraph\">Durant cette premi\u00e8re ann\u00e9e, la piste \u00e9tait alors constitu\u00e9e de gazon sur un terrain que le propri\u00e9taire du ch\u00e2teau de La Mole, le baron Charles Boyer de Fonscolombe, accepta de leur louer en souvenir de Saint-Exup\u00e9ry dont il est l&rsquo;un des proches cousins.<\/p>\n\n\n\n<h2 class=\"wp-block-heading\">1973<\/h2>\n\n\n\n<p class=\"wp-block-paragraph\">Le terrain d&rsquo;aviation est class\u00e9 le 15 mars 1973 \u00ab\u00a0\u00e0 usage restreint\u00a0\u00bb compte tenu de ses particularit\u00e9s.<\/p>\n\n\n\n<h2 class=\"wp-block-heading\">1983<\/h2>\n\n\n\n<p class=\"wp-block-paragraph\">Le terrain d&rsquo;aviation est inscrit le 30 mai 1983 sur la liste 3 des a\u00e9rodromes fran\u00e7ais, en cat\u00e9gorie D : destin\u00e9 \u00e0 l&rsquo;aviation de voyage d&rsquo;affaires, priv\u00e9e et nationale.<br>Charles Boyer de Fonscolombe a gard\u00e9 la propri\u00e9t\u00e9 fonci\u00e8re du sol et a confi\u00e9 le fonctionnement \u00e0 un gestionnaire. Plusieurs soci\u00e9t\u00e9s se sont succ\u00e9d\u00e9, jusqu&rsquo;en 1989, la reprise par la compagnie financi\u00e8re du Sud-Est JP Magnin &amp; JJ Vaissi\u00e8re, devenue AGST.<\/p>\n\n\n\n<h2 class=\"wp-block-heading\">1993<\/h2>\n\n\n\n<figure class=\"wp-block-image size-full\"><img loading=\"lazy\" decoding=\"async\" width=\"200\" height=\"118\" data-tippy-content=\"1993-en-service-nouvelle-piste\" src=\"https:\/\/www.sainttropez.aeroport.fr\/app\/uploads\/2022\/12\/1993-en-service-nouvelle-piste.jpg\" alt=\"\" class=\"wp-image-1830\"\/><\/figure>\n\n\n\n<h2 class=\"wp-block-heading\">1995<\/h2>\n\n\n\n<p class=\"wp-block-paragraph\">Ouverture de la premi\u00e8re ligne internationale r\u00e9guli\u00e8re saisonni\u00e8re avec Gen\u00e8ve puis Zurich (1996).<\/p>\n\n\n\n<h2 class=\"wp-block-heading\">2006<\/h2>\n\n\n\n<p class=\"wp-block-paragraph\">Les nouveaux gestionnaires demandent l&rsquo;utilisation de la piste dans sa totalit\u00e9 afin d&rsquo;accueillir des avions plus modernes, plus silencieux et moins polluants.<\/p>\n\n\n\n<h2 class=\"wp-block-heading\">2010<\/h2>\n\n\n\n<figure class=\"wp-block-image size-full\"><img loading=\"lazy\" decoding=\"async\" width=\"228\" height=\"150\" data-tippy-content=\"TOWER00\" src=\"https:\/\/www.sainttropez.aeroport.fr\/app\/uploads\/2022\/12\/TOWER00.jpg\" alt=\"\" class=\"wp-image-1832\"\/><\/figure>\n\n\n\n<p class=\"wp-block-paragraph\">Sauv\u00e9 de la faillite il y a quinze ans par le groupe Michel Reybier (vins et h\u00f4tellerie de luxe), l&rsquo;a\u00e9roport international du golfe de Saint-Tropez, se sp\u00e9cialise dans le tourisme d&rsquo;affaires et haut de gamme.<\/p>\n\n\n\n<h2 class=\"wp-block-heading\">2013<\/h2>\n\n\n\n<figure class=\"wp-block-image size-full\"><img loading=\"lazy\" decoding=\"async\" width=\"300\" height=\"200\" data-tippy-content=\"IMG_0509\" src=\"https:\/\/www.sainttropez.aeroport.fr\/app\/uploads\/2022\/12\/IMG_0509.jpg\" alt=\"\" class=\"wp-image-1834\"\/><\/figure>\n\n\n\n<p class=\"wp-block-paragraph\"><a href=\"http:\/\/www.nicematin.com\/derniere-minute\/laeroport-de-saint-tropez-rachete-par-aeroport-de-la-cote-dazur.1367577.html\" target=\"_blank\" rel=\"noreferrer noopener\">L&rsquo;a\u00e9roport de Saint-Tropez rachet\u00e9 par A\u00e9roport de la C\u00f4te d&rsquo;Azur<\/a>, seconde soci\u00e9t\u00e9 a\u00e9roportuaire fran\u00e7aise apr\u00e8s A\u00e9roport de Paris.<\/p>\n\n\n\n<h2 class=\"wp-block-heading\">2014<\/h2>\n\n\n\n<figure class=\"wp-block-image size-full\"><img loading=\"lazy\" decoding=\"async\" width=\"322\" height=\"215\" data-tippy-content=\"50_ans\" src=\"https:\/\/www.sainttropez.aeroport.fr\/app\/uploads\/2022\/12\/50_ans.jpg\" alt=\"\" class=\"wp-image-1836\" srcset=\"https:\/\/www.sainttropez.aeroport.fr\/app\/uploads\/2022\/12\/50_ans.jpg 322w, https:\/\/www.sainttropez.aeroport.fr\/app\/uploads\/2022\/12\/50_ans-300x200.jpg 300w\" sizes=\"auto, (max-width: 322px) 100vw, 322px\" \/><\/figure>\n\n\n\n<p class=\"wp-block-paragraph\">L\u2019A\u00c9ROPORT DU GOLFE DE SAINT-TROPEZ, 50 ANS AU COEUR DE L\u2019AVIATION D\u2019AFFAIRES.<\/p>\n\n\n\n<p class=\"wp-block-paragraph\">En un demi-si\u00e8cle, l\u2019A\u00e9roport du Golfe de Saint-Tropez (AGST) a su s\u2019imposer comme un acteur \u00e9conomique majeur de l\u2019incontournable presqu\u2019\u00eele \u00e9ponyme.<\/p>\n\n\n\n<h2 class=\"wp-block-heading\">2015<\/h2>\n\n\n\n<figure class=\"wp-block-image size-full\"><img loading=\"lazy\" decoding=\"async\" width=\"960\" height=\"685\" data-tippy-content=\"trajectoires_helicos\" src=\"https:\/\/www.sainttropez.aeroport.fr\/app\/uploads\/2022\/12\/trajectoires_helicos.jpg\" alt=\"\" class=\"wp-image-1838\" srcset=\"https:\/\/www.sainttropez.aeroport.fr\/app\/uploads\/2022\/12\/trajectoires_helicos.jpg 960w, https:\/\/www.sainttropez.aeroport.fr\/app\/uploads\/2022\/12\/trajectoires_helicos-300x214.jpg 300w, https:\/\/www.sainttropez.aeroport.fr\/app\/uploads\/2022\/12\/trajectoires_helicos-768x548.jpg 768w\" sizes=\"auto, (max-width: 960px) 100vw, 960px\" \/><\/figure>\n\n\n\n<p class=\"wp-block-paragraph\">R\u00e9duction des nuisances sonores par la mise en place des trajectoires h\u00e9licos cr\u00e9\u00e9es en avril 2015 pour les saisons estivales<\/p>\n\n\n\n<p class=\"wp-block-paragraph\">R\u00e9duction des nuisances sonores par la modification du circuit piste<\/p>\n\n\n\n<h2 class=\"wp-block-heading\">2016<\/h2>\n\n\n\n<figure class=\"wp-block-image size-large is-resized\"><img loading=\"lazy\" decoding=\"async\" width=\"1024\" height=\"882\" data-tippy-content=\"optimisationlogo\" src=\"https:\/\/www.sainttropez.aeroport.fr\/app\/uploads\/2022\/12\/optimisationlogo-1024x882.jpg\" alt=\"\" class=\"wp-image-1840\" style=\"width:343px\" srcset=\"https:\/\/www.sainttropez.aeroport.fr\/app\/uploads\/2022\/12\/optimisationlogo-1024x882.jpg 1024w, https:\/\/www.sainttropez.aeroport.fr\/app\/uploads\/2022\/12\/optimisationlogo-300x258.jpg 300w, https:\/\/www.sainttropez.aeroport.fr\/app\/uploads\/2022\/12\/optimisationlogo-768x661.jpg 768w, https:\/\/www.sainttropez.aeroport.fr\/app\/uploads\/2022\/12\/optimisationlogo-1536x1323.jpg 1536w, https:\/\/www.sainttropez.aeroport.fr\/app\/uploads\/2022\/12\/optimisationlogo.jpg 1772w\" sizes=\"auto, (max-width: 1024px) 100vw, 1024px\" \/><\/figure>\n\n\n\n<p class=\"wp-block-paragraph\">L&rsquo;A\u00e9roport du Golfe De Saint-Tropez a re\u00e7u la certification niveau 3&Prime; Airport Carbon Accreditation\u00a0\u00bb<\/p>\n\n\n\n<h2 class=\"wp-block-heading\">2017<\/h2>\n\n\n\n<figure class=\"wp-block-image size-full\"><img loading=\"lazy\" decoding=\"async\" width=\"343\" height=\"484\" data-tippy-content=\"charte_environnement_2\" src=\"https:\/\/www.sainttropez.aeroport.fr\/app\/uploads\/2022\/12\/charte_environnement_2.png\" alt=\"\" class=\"wp-image-1842\" srcset=\"https:\/\/www.sainttropez.aeroport.fr\/app\/uploads\/2022\/12\/charte_environnement_2.png 343w, https:\/\/www.sainttropez.aeroport.fr\/app\/uploads\/2022\/12\/charte_environnement_2-213x300.png 213w\" sizes=\"auto, (max-width: 343px) 100vw, 343px\" \/><\/figure>\n\n\n\n<p class=\"wp-block-paragraph\">Un engagement fort en mati\u00e8re de d\u00e9veloppement \u00e9quilibr\u00e9 est pris par la direction de l&rsquo;a\u00e9roport.<\/p>\n<\/div>\n","protected":false},"excerpt":{"rendered":"<p>1964 Le 8 ao\u00fbt 1964, le comte Fran\u00e7ois Gazeau et M. Marc Den Bosch ont cr\u00e9\u00e9, sur la bande de terre s&rsquo;\u00e9tirant entre la Nationale d&rsquo;alors et la rivi\u00e8re, un terrain d&rsquo;aviation l\u00e9g\u00e8re, dite de plaisance et aussi d&rsquo;affaires. Durant cette premi\u00e8re ann\u00e9e, la piste \u00e9tait alors constitu\u00e9e de gazon sur un terrain que le&#8230;<\/p>\n","protected":false},"author":1,"featured_media":0,"parent":30,"menu_order":5,"comment_status":"closed","ping_status":"closed","template":"","meta":{"_acf_changed":false,"_crdt_document":"","footnotes":""},"class_list":["post-1673","page","type-page","status-publish","hentry"],"acf":{"subtitle":"","autoplay":false,"delay":"","video_mp4":false,"video_webm":false,"poster_image":false,"nugget":false,"partner":false,"tab":false,"title_alignement":"alignwide","address":false},"_links":{"self":[{"href":"https:\/\/www.sainttropez.aeroport.fr\/fr\/wp-json\/wp\/v2\/pages\/1673","targetHints":{"allow":["GET"]}}],"collection":[{"href":"https:\/\/www.sainttropez.aeroport.fr\/fr\/wp-json\/wp\/v2\/pages"}],"about":[{"href":"https:\/\/www.sainttropez.aeroport.fr\/fr\/wp-json\/wp\/v2\/types\/page"}],"author":[{"embeddable":true,"href":"https:\/\/www.sainttropez.aeroport.fr\/fr\/wp-json\/wp\/v2\/users\/1"}],"replies":[{"embeddable":true,"href":"https:\/\/www.sainttropez.aeroport.fr\/fr\/wp-json\/wp\/v2\/comments?post=1673"}],"version-history":[{"count":6,"href":"https:\/\/www.sainttropez.aeroport.fr\/fr\/wp-json\/wp\/v2\/pages\/1673\/revisions"}],"predecessor-version":[{"id":3549,"href":"https:\/\/www.sainttropez.aeroport.fr\/fr\/wp-json\/wp\/v2\/pages\/1673\/revisions\/3549"}],"up":[{"embeddable":true,"href":"https:\/\/www.sainttropez.aeroport.fr\/fr\/wp-json\/wp\/v2\/pages\/30"}],"wp:attachment":[{"href":"https:\/\/www.sainttropez.aeroport.fr\/fr\/wp-json\/wp\/v2\/media?parent=1673"}],"curies":[{"name":"wp","href":"https:\/\/api.w.org\/{rel}","templated":true}]}}

<div class="wp-block-group alignwide has-w-background-color has-background is-layout-flow wp-block-group-is-layout-flow">
<h2 class="wp-block-heading">1964</h2>



<p class="wp-block-paragraph">Le 8 août 1964, le comte François Gazeau et M. Marc Den Bosch ont créé, sur la bande de terre s&rsquo;étirant entre la Nationale d&rsquo;alors et la rivière, un terrain d&rsquo;aviation légère, dite de plaisance et aussi d&rsquo;affaires.</p>



<p class="wp-block-paragraph">Durant cette première année, la piste était alors constituée de gazon sur un terrain que le propriétaire du château de La Mole, le baron Charles Boyer de Fonscolombe, accepta de leur louer en souvenir de Saint-Exupéry dont il est l&rsquo;un des proches cousins.</p>



<h2 class="wp-block-heading">1973</h2>



<p class="wp-block-paragraph">Le terrain d&rsquo;aviation est classé le 15 mars 1973 « à usage restreint » compte tenu de ses particularités.</p>



<h2 class="wp-block-heading">1983</h2>



<p class="wp-block-paragraph">Le terrain d&rsquo;aviation est inscrit le 30 mai 1983 sur la liste 3 des aérodromes français, en catégorie D : destiné à l&rsquo;aviation de voyage d&rsquo;affaires, privée et nationale.<br>Charles Boyer de Fonscolombe a gardé la propriété foncière du sol et a confié le fonctionnement à un gestionnaire. Plusieurs sociétés se sont succédé, jusqu&rsquo;en 1989, la reprise par la compagnie financière du Sud-Est JP Magnin &amp; JJ Vaissière, devenue AGST.</p>



<h2 class="wp-block-heading">1993</h2>



<figure class="wp-block-image size-full"><img loading="lazy" decoding="async" width="200" height="118" data-tippy-content="1993-en-service-nouvelle-piste" src="https://www.sainttropez.aeroport.fr/app/uploads/2022/12/1993-en-service-nouvelle-piste.jpg" alt="" class="wp-image-1830"/></figure>



<h2 class="wp-block-heading">1995</h2>



<p class="wp-block-paragraph">Ouverture de la première ligne internationale régulière saisonnière avec Genève puis Zurich (1996).</p>



<h2 class="wp-block-heading">2006</h2>



<p class="wp-block-paragraph">Les nouveaux gestionnaires demandent l&rsquo;utilisation de la piste dans sa totalité afin d&rsquo;accueillir des avions plus modernes, plus silencieux et moins polluants.</p>



<h2 class="wp-block-heading">2010</h2>



<figure class="wp-block-image size-full"><img loading="lazy" decoding="async" width="228" height="150" data-tippy-content="TOWER00" src="https://www.sainttropez.aeroport.fr/app/uploads/2022/12/TOWER00.jpg" alt="" class="wp-image-1832"/></figure>



<p class="wp-block-paragraph">Sauvé de la faillite il y a quinze ans par le groupe Michel Reybier (vins et hôtellerie de luxe), l&rsquo;aéroport international du golfe de Saint-Tropez, se spécialise dans le tourisme d&rsquo;affaires et haut de gamme.</p>



<h2 class="wp-block-heading">2013</h2>



<figure class="wp-block-image size-full"><img loading="lazy" decoding="async" width="300" height="200" data-tippy-content="IMG_0509" src="https://www.sainttropez.aeroport.fr/app/uploads/2022/12/IMG_0509.jpg" alt="" class="wp-image-1834"/></figure>



<p class="wp-block-paragraph"><a href="http://www.nicematin.com/derniere-minute/laeroport-de-saint-tropez-rachete-par-aeroport-de-la-cote-dazur.1367577.html" target="_blank" rel="noreferrer noopener">L&rsquo;aéroport de Saint-Tropez racheté par Aéroport de la Côte d&rsquo;Azur</a>, seconde société aéroportuaire française après Aéroport de Paris.</p>



<h2 class="wp-block-heading">2014</h2>



<figure class="wp-block-image size-full"><img loading="lazy" decoding="async" width="322" height="215" data-tippy-content="50_ans" src="https://www.sainttropez.aeroport.fr/app/uploads/2022/12/50_ans.jpg" alt="" class="wp-image-1836" srcset="https://www.sainttropez.aeroport.fr/app/uploads/2022/12/50_ans.jpg 322w, https://www.sainttropez.aeroport.fr/app/uploads/2022/12/50_ans-300x200.jpg 300w" sizes="auto, (max-width: 322px) 100vw, 322px" /></figure>



<p class="wp-block-paragraph">L’AÉROPORT DU GOLFE DE SAINT-TROPEZ, 50 ANS AU COEUR DE L’AVIATION D’AFFAIRES.</p>



<p class="wp-block-paragraph">En un demi-siècle, l’Aéroport du Golfe de Saint-Tropez (AGST) a su s’imposer comme un acteur économique majeur de l’incontournable presqu’île éponyme.</p>



<h2 class="wp-block-heading">2015</h2>



<figure class="wp-block-image size-full"><img loading="lazy" decoding="async" width="960" height="685" data-tippy-content="trajectoires_helicos" src="https://www.sainttropez.aeroport.fr/app/uploads/2022/12/trajectoires_helicos.jpg" alt="" class="wp-image-1838" srcset="https://www.sainttropez.aeroport.fr/app/uploads/2022/12/trajectoires_helicos.jpg 960w, https://www.sainttropez.aeroport.fr/app/uploads/2022/12/trajectoires_helicos-300x214.jpg 300w, https://www.sainttropez.aeroport.fr/app/uploads/2022/12/trajectoires_helicos-768x548.jpg 768w" sizes="auto, (max-width: 960px) 100vw, 960px" /></figure>



<p class="wp-block-paragraph">Réduction des nuisances sonores par la mise en place des trajectoires hélicos créées en avril 2015 pour les saisons estivales</p>



<p class="wp-block-paragraph">Réduction des nuisances sonores par la modification du circuit piste</p>



<h2 class="wp-block-heading">2016</h2>



<figure class="wp-block-image size-large is-resized"><img loading="lazy" decoding="async" width="1024" height="882" data-tippy-content="optimisationlogo" src="https://www.sainttropez.aeroport.fr/app/uploads/2022/12/optimisationlogo-1024x882.jpg" alt="" class="wp-image-1840" style="width:343px" srcset="https://www.sainttropez.aeroport.fr/app/uploads/2022/12/optimisationlogo-1024x882.jpg 1024w, https://www.sainttropez.aeroport.fr/app/uploads/2022/12/optimisationlogo-300x258.jpg 300w, https://www.sainttropez.aeroport.fr/app/uploads/2022/12/optimisationlogo-768x661.jpg 768w, https://www.sainttropez.aeroport.fr/app/uploads/2022/12/optimisationlogo-1536x1323.jpg 1536w, https://www.sainttropez.aeroport.fr/app/uploads/2022/12/optimisationlogo.jpg 1772w" sizes="auto, (max-width: 1024px) 100vw, 1024px" /></figure>



<p class="wp-block-paragraph">L&rsquo;Aéroport du Golfe De Saint-Tropez a reçu la certification niveau 3&Prime; Airport Carbon Accreditation »</p>



<h2 class="wp-block-heading">2017</h2>



<figure class="wp-block-image size-full"><img loading="lazy" decoding="async" width="343" height="484" data-tippy-content="charte_environnement_2" src="https://www.sainttropez.aeroport.fr/app/uploads/2022/12/charte_environnement_2.png" alt="" class="wp-image-1842" srcset="https://www.sainttropez.aeroport.fr/app/uploads/2022/12/charte_environnement_2.png 343w, https://www.sainttropez.aeroport.fr/app/uploads/2022/12/charte_environnement_2-213x300.png 213w" sizes="auto, (max-width: 343px) 100vw, 343px" /></figure>



<p class="wp-block-paragraph">Un engagement fort en matière de développement équilibré est pris par la direction de l&rsquo;aéroport.</p>
</div>

<p>1964 Le 8 août 1964, le comte François Gazeau et M. Marc Den Bosch ont créé, sur la bande de terre s&rsquo;étirant entre la Nationale d&rsquo;alors et la rivière, un terrain d&rsquo;aviation légère, dite de plaisance et aussi d&rsquo;affaires. Durant cette première année, la piste était alors constituée de gazon sur un terrain que le&#8230;</p>
