{"id":1711,"date":"2022-12-03T17:19:03","date_gmt":"2022-12-03T16:19:03","guid":{"rendered":"https:\/\/www.sainttropez.aeroport.fr\/?page_id=1711"},"modified":"2025-04-21T18:47:10","modified_gmt":"2025-04-21T17:47:10","slug":"les-jardins-du-rayol","status":"publish","type":"page","link":"https:\/\/www.sainttropez.aeroport.fr\/fr\/decouverte-de-la-presquile\/les-jardins-du-rayol","title":{"rendered":"Les jardins du Rayol"},"content":{"rendered":"\n<div class=\"wp-block-group alignwide has-w-background-color has-background is-layout-flow wp-block-group-is-layout-flow\">\n<p class=\"wp-block-paragraph\">Au pied du Massif des Maures, le Domaine du Rayol repr\u00e9sente un patrimoine naturel et architectural exceptionnel. En 1989, le Conservatoire du Littoral confie au paysagiste Gilles Cl\u00e9ment la r\u00e9habilitation du site. Il con\u00e7oit le Jardin des M\u00e9diterran\u00e9es, une \u00e9vocation des paysages du monde \u00e0 climat m\u00e9diterran\u00e9en.<\/p>\n\n\n\n<p class=\"wp-block-paragraph\">Le Domaine du Rayol est un espace naturel prot\u00e9g\u00e9 de 20 ha, propri\u00e9t\u00e9 du Conservatoire du littoral, situ\u00e9 au Rayol-Canadel-sur-Mer, au pied du Massif des Maures et face aux Iles d&rsquo;Hy\u00e8res, dans le Var, entre Le Lavandou et Saint-Tropez.<\/p>\n\n\n\n<figure class=\"wp-block-image alignfull size-full\"><img loading=\"lazy\" decoding=\"async\" width=\"940\" height=\"553\" data-tippy-content=\"les-jardins-du-rayol-2\" src=\"https:\/\/www.sainttropez.aeroport.fr\/app\/uploads\/2022\/12\/les-jardins-du-rayol-2.jpg\" alt=\"\" class=\"wp-image-1714\" srcset=\"https:\/\/www.sainttropez.aeroport.fr\/app\/uploads\/2022\/12\/les-jardins-du-rayol-2.jpg 940w, https:\/\/www.sainttropez.aeroport.fr\/app\/uploads\/2022\/12\/les-jardins-du-rayol-2-300x176.jpg 300w, https:\/\/www.sainttropez.aeroport.fr\/app\/uploads\/2022\/12\/les-jardins-du-rayol-2-768x452.jpg 768w\" sizes=\"auto, (max-width: 940px) 100vw, 940px\" \/><\/figure>\n\n\n\n<p class=\"wp-block-paragraph\">D\u00e9couvrir ce jardin, c&rsquo;est ressentir quelques-unes des \u00e9motions \u00e9prouv\u00e9es par un explorateur botaniste qui arpente la plan\u00e8te !<\/p>\n\n\n\n<p class=\"wp-block-paragraph\">Le Domaine du Rayol vous accueille tous les jours toute l&rsquo;ann\u00e9e. Expositions permanentes, visites guid\u00e9es \u00ab\u00a0d\u00e9couverte\u00a0\u00bb, visites th\u00e9matiques, ateliers-formations, c\u00e9l\u00e9bration des changements de saison, f\u00eate des plantes, sentier marin et soir\u00e9es musicales en \u00e9t\u00e9. Sur place : Caf\u00e9 des Jardiniers, librairie sp\u00e9cialis\u00e9e, p\u00e9pini\u00e8re \u00e9cologique.<\/p>\n\n\n\n<figure class=\"wp-block-image alignfull size-full\"><img loading=\"lazy\" decoding=\"async\" width=\"940\" height=\"553\" data-tippy-content=\"le-rayol-jardins-0-94-photo-bertrand\" src=\"https:\/\/www.sainttropez.aeroport.fr\/app\/uploads\/2022\/12\/le-rayol-jardins-0-94-photo-bertrand.jpg\" alt=\"\" class=\"wp-image-1716\" srcset=\"https:\/\/www.sainttropez.aeroport.fr\/app\/uploads\/2022\/12\/le-rayol-jardins-0-94-photo-bertrand.jpg 940w, https:\/\/www.sainttropez.aeroport.fr\/app\/uploads\/2022\/12\/le-rayol-jardins-0-94-photo-bertrand-300x176.jpg 300w, https:\/\/www.sainttropez.aeroport.fr\/app\/uploads\/2022\/12\/le-rayol-jardins-0-94-photo-bertrand-768x452.jpg 768w\" sizes=\"auto, (max-width: 940px) 100vw, 940px\" \/><\/figure>\n\n\n\n<p class=\"wp-block-paragraph\"><strong>Les jardins du Rayol<\/strong><\/p>\n\n\n\n<p class=\"wp-block-paragraph\">Avenue des Belges<br>83820&nbsp;Rayol-Canadel-sur-Mer<br>T\u00e9l.&nbsp;&nbsp;04 98 04 44 00<br>Fax &nbsp;&nbsp;04 98 04 44 01<\/p>\n\n\n\n<p class=\"wp-block-paragraph\">Latitude : 43.1554 &#8211; Longitude : 6.48061<\/p>\n<\/div>\n","protected":false},"excerpt":{"rendered":"<p>Au pied du Massif des Maures, le Domaine du Rayol repr\u00e9sente un patrimoine naturel et architectural exceptionnel. En 1989, le Conservatoire du Littoral confie au paysagiste Gilles Cl\u00e9ment la r\u00e9habilitation du site. Il con\u00e7oit le Jardin des M\u00e9diterran\u00e9es, une \u00e9vocation des paysages du monde \u00e0 climat m\u00e9diterran\u00e9en. Le Domaine du Rayol est un espace naturel&#8230;<\/p>\n","protected":false},"author":1,"featured_media":1712,"parent":42,"menu_order":46,"comment_status":"closed","ping_status":"closed","template":"","meta":{"_acf_changed":false,"_crdt_document":"","footnotes":""},"class_list":["post-1711","page","type-page","status-publish","has-post-thumbnail","hentry"],"acf":{"title_alignement":"alignwide","address":false,"subtitle":"","autoplay":false,"delay":"","video_mp4":false,"video_webm":false,"poster_image":false,"nugget":false,"partner":false,"tab":false},"_links":{"self":[{"href":"https:\/\/www.sainttropez.aeroport.fr\/fr\/wp-json\/wp\/v2\/pages\/1711","targetHints":{"allow":["GET"]}}],"collection":[{"href":"https:\/\/www.sainttropez.aeroport.fr\/fr\/wp-json\/wp\/v2\/pages"}],"about":[{"href":"https:\/\/www.sainttropez.aeroport.fr\/fr\/wp-json\/wp\/v2\/types\/page"}],"author":[{"embeddable":true,"href":"https:\/\/www.sainttropez.aeroport.fr\/fr\/wp-json\/wp\/v2\/users\/1"}],"replies":[{"embeddable":true,"href":"https:\/\/www.sainttropez.aeroport.fr\/fr\/wp-json\/wp\/v2\/comments?post=1711"}],"version-history":[{"count":6,"href":"https:\/\/www.sainttropez.aeroport.fr\/fr\/wp-json\/wp\/v2\/pages\/1711\/revisions"}],"predecessor-version":[{"id":3425,"href":"https:\/\/www.sainttropez.aeroport.fr\/fr\/wp-json\/wp\/v2\/pages\/1711\/revisions\/3425"}],"up":[{"embeddable":true,"href":"https:\/\/www.sainttropez.aeroport.fr\/fr\/wp-json\/wp\/v2\/pages\/42"}],"wp:featuredmedia":[{"embeddable":true,"href":"https:\/\/www.sainttropez.aeroport.fr\/fr\/wp-json\/wp\/v2\/media\/1712"}],"wp:attachment":[{"href":"https:\/\/www.sainttropez.aeroport.fr\/fr\/wp-json\/wp\/v2\/media?parent=1711"}],"curies":[{"name":"wp","href":"https:\/\/api.w.org\/{rel}","templated":true}]}}

<div class="wp-block-group alignwide has-w-background-color has-background is-layout-flow wp-block-group-is-layout-flow">
<p class="wp-block-paragraph">Au pied du Massif des Maures, le Domaine du Rayol représente un patrimoine naturel et architectural exceptionnel. En 1989, le Conservatoire du Littoral confie au paysagiste Gilles Clément la réhabilitation du site. Il conçoit le Jardin des Méditerranées, une évocation des paysages du monde à climat méditerranéen.</p>



<p class="wp-block-paragraph">Le Domaine du Rayol est un espace naturel protégé de 20 ha, propriété du Conservatoire du littoral, situé au Rayol-Canadel-sur-Mer, au pied du Massif des Maures et face aux Iles d&rsquo;Hyères, dans le Var, entre Le Lavandou et Saint-Tropez.</p>



<figure class="wp-block-image alignfull size-full"><img loading="lazy" decoding="async" width="940" height="553" data-tippy-content="les-jardins-du-rayol-2" src="https://www.sainttropez.aeroport.fr/app/uploads/2022/12/les-jardins-du-rayol-2.jpg" alt="" class="wp-image-1714" srcset="https://www.sainttropez.aeroport.fr/app/uploads/2022/12/les-jardins-du-rayol-2.jpg 940w, https://www.sainttropez.aeroport.fr/app/uploads/2022/12/les-jardins-du-rayol-2-300x176.jpg 300w, https://www.sainttropez.aeroport.fr/app/uploads/2022/12/les-jardins-du-rayol-2-768x452.jpg 768w" sizes="auto, (max-width: 940px) 100vw, 940px" /></figure>



<p class="wp-block-paragraph">Découvrir ce jardin, c&rsquo;est ressentir quelques-unes des émotions éprouvées par un explorateur botaniste qui arpente la planète !</p>



<p class="wp-block-paragraph">Le Domaine du Rayol vous accueille tous les jours toute l&rsquo;année. Expositions permanentes, visites guidées « découverte », visites thématiques, ateliers-formations, célébration des changements de saison, fête des plantes, sentier marin et soirées musicales en été. Sur place : Café des Jardiniers, librairie spécialisée, pépinière écologique.</p>



<figure class="wp-block-image alignfull size-full"><img loading="lazy" decoding="async" width="940" height="553" data-tippy-content="le-rayol-jardins-0-94-photo-bertrand" src="https://www.sainttropez.aeroport.fr/app/uploads/2022/12/le-rayol-jardins-0-94-photo-bertrand.jpg" alt="" class="wp-image-1716" srcset="https://www.sainttropez.aeroport.fr/app/uploads/2022/12/le-rayol-jardins-0-94-photo-bertrand.jpg 940w, https://www.sainttropez.aeroport.fr/app/uploads/2022/12/le-rayol-jardins-0-94-photo-bertrand-300x176.jpg 300w, https://www.sainttropez.aeroport.fr/app/uploads/2022/12/le-rayol-jardins-0-94-photo-bertrand-768x452.jpg 768w" sizes="auto, (max-width: 940px) 100vw, 940px" /></figure>



<p class="wp-block-paragraph"><strong>Les jardins du Rayol</strong></p>



<p class="wp-block-paragraph">Avenue des Belges<br>83820&nbsp;Rayol-Canadel-sur-Mer<br>Tél.&nbsp;&nbsp;04 98 04 44 00<br>Fax &nbsp;&nbsp;04 98 04 44 01</p>



<p class="wp-block-paragraph">Latitude : 43.1554 &#8211; Longitude : 6.48061</p>
</div>

<p>Au pied du Massif des Maures, le Domaine du Rayol représente un patrimoine naturel et architectural exceptionnel. En 1989, le Conservatoire du Littoral confie au paysagiste Gilles Clément la réhabilitation du site. Il conçoit le Jardin des Méditerranées, une évocation des paysages du monde à climat méditerranéen. Le Domaine du Rayol est un espace naturel&#8230;</p>
