{"id":1744,"date":"2022-12-03T18:29:04","date_gmt":"2022-12-03T17:29:04","guid":{"rendered":"https:\/\/www.sainttropez.aeroport.fr\/?page_id=1744"},"modified":"2025-04-21T18:48:42","modified_gmt":"2025-04-21T17:48:42","slug":"le-village-de-la-mole","status":"publish","type":"page","link":"https:\/\/www.sainttropez.aeroport.fr\/fr\/decouverte-de-la-presquile\/le-village-de-la-mole","title":{"rendered":"Le village de La Mole"},"content":{"rendered":"\n<div class=\"wp-block-group alignwide has-w-background-color has-background is-layout-flow wp-block-group-is-layout-flow\">\n<p class=\"wp-block-paragraph\">Ce petit village est situ\u00e9 au confluent des deux vall\u00e9es dans lesquelles se jettent la Mole et la Verne.<\/p>\n\n\n\n<figure class=\"wp-block-image alignfull size-full\"><img loading=\"lazy\" decoding=\"async\" width=\"940\" height=\"553\" data-tippy-content=\"la-mole-eglise-1-2-photo-bertrand\" src=\"https:\/\/www.sainttropez.aeroport.fr\/app\/uploads\/2022\/12\/la-mole-eglise-1-2-photo-bertrand.jpg\" alt=\"\" class=\"wp-image-1745\" srcset=\"https:\/\/www.sainttropez.aeroport.fr\/app\/uploads\/2022\/12\/la-mole-eglise-1-2-photo-bertrand.jpg 940w, https:\/\/www.sainttropez.aeroport.fr\/app\/uploads\/2022\/12\/la-mole-eglise-1-2-photo-bertrand-300x176.jpg 300w, https:\/\/www.sainttropez.aeroport.fr\/app\/uploads\/2022\/12\/la-mole-eglise-1-2-photo-bertrand-768x452.jpg 768w\" sizes=\"auto, (max-width: 940px) 100vw, 940px\" \/><\/figure>\n\n\n\n<p class=\"wp-block-paragraph\">Elle \u00e9tait d\u00e9j\u00e0 habit\u00e9e \u00e0 l&rsquo;\u00e9poque romaine et on y a retrouv\u00e9 des ruines de tombes en briques et des constructions datant de cette \u00e9poque. Apr\u00e8s leur d\u00e9part, un village fut construit sur le coteau de Sainte Madeleine (ou Magdeleine). Une gravure de 1008 mentionne \u00ab\u00a0Ad molam \u00ab\u00a0, d\u00e9riv\u00e9 de la fabrication de jalons \u00e0 la main (mola manuaria). Il est \u00e9galement question de \u00a0\u00bb Castrum de mola \u00a0\u00bb et de \u00a0\u00bb Mola \u00a0\u00bb en 1079. A l&rsquo;\u00e9poque, la seigneurie d\u00e9pendait de l&rsquo;Abbaye de Saint Victor \u00e0 Marseille.<\/p>\n\n\n\n<figure class=\"wp-block-image alignfull size-full\"><img loading=\"lazy\" decoding=\"async\" width=\"940\" height=\"553\" data-tippy-content=\"la-mole-chateau-26-photo-bertrand\" src=\"https:\/\/www.sainttropez.aeroport.fr\/app\/uploads\/2022\/12\/la-mole-chateau-26-photo-bertrand.jpg\" alt=\"\" class=\"wp-image-1749\" srcset=\"https:\/\/www.sainttropez.aeroport.fr\/app\/uploads\/2022\/12\/la-mole-chateau-26-photo-bertrand.jpg 940w, https:\/\/www.sainttropez.aeroport.fr\/app\/uploads\/2022\/12\/la-mole-chateau-26-photo-bertrand-300x176.jpg 300w, https:\/\/www.sainttropez.aeroport.fr\/app\/uploads\/2022\/12\/la-mole-chateau-26-photo-bertrand-768x452.jpg 768w\" sizes=\"auto, (max-width: 940px) 100vw, 940px\" \/><\/figure>\n\n\n\n<p class=\"wp-block-paragraph\">Anecdote : En 1308, apr\u00e8s 48 incendies, le village est reconstruit dans la plaine. Au XVIIe si\u00e8cle, la seigneurie appartient \u00e0 la famille Suffren. En 1728, on compte sept chefs de famille \u00e0 La Mole. En 1851, la population du village \u00e9tait de 404 habitants ; de nos jours, 800 personnes y vivent.<\/p>\n\n\n\n<p class=\"wp-block-paragraph\"><strong>Le village de La Mole<\/strong><\/p>\n\n\n\n<p class=\"wp-block-paragraph\">Centre du village<br>83310&nbsp;&nbsp; La Mole<br>T\u00e9l.&nbsp;&nbsp;04 94 40 05 80<br>Fax&nbsp; 04 94 49 55 24<\/p>\n\n\n\n<p class=\"wp-block-paragraph\">Latitude : 43.2085 &#8211; Longitude : 6.46485<\/p>\n<\/div>\n","protected":false},"excerpt":{"rendered":"<p>Ce petit village est situ\u00e9 au confluent des deux vall\u00e9es dans lesquelles se jettent la Mole et la Verne. Elle \u00e9tait d\u00e9j\u00e0 habit\u00e9e \u00e0 l&rsquo;\u00e9poque romaine et on y a retrouv\u00e9 des ruines de tombes en briques et des constructions datant de cette \u00e9poque. Apr\u00e8s leur d\u00e9part, un village fut construit sur le coteau de&#8230;<\/p>\n","protected":false},"author":1,"featured_media":1747,"parent":42,"menu_order":52,"comment_status":"closed","ping_status":"closed","template":"","meta":{"_acf_changed":false,"_crdt_document":"","footnotes":""},"class_list":["post-1744","page","type-page","status-publish","has-post-thumbnail","hentry"],"acf":{"title_alignement":"alignwide","address":false,"subtitle":"","autoplay":false,"delay":"","video_mp4":false,"video_webm":false,"poster_image":false,"nugget":false,"partner":false,"tab":false},"_links":{"self":[{"href":"https:\/\/www.sainttropez.aeroport.fr\/fr\/wp-json\/wp\/v2\/pages\/1744","targetHints":{"allow":["GET"]}}],"collection":[{"href":"https:\/\/www.sainttropez.aeroport.fr\/fr\/wp-json\/wp\/v2\/pages"}],"about":[{"href":"https:\/\/www.sainttropez.aeroport.fr\/fr\/wp-json\/wp\/v2\/types\/page"}],"author":[{"embeddable":true,"href":"https:\/\/www.sainttropez.aeroport.fr\/fr\/wp-json\/wp\/v2\/users\/1"}],"replies":[{"embeddable":true,"href":"https:\/\/www.sainttropez.aeroport.fr\/fr\/wp-json\/wp\/v2\/comments?post=1744"}],"version-history":[{"count":2,"href":"https:\/\/www.sainttropez.aeroport.fr\/fr\/wp-json\/wp\/v2\/pages\/1744\/revisions"}],"predecessor-version":[{"id":3430,"href":"https:\/\/www.sainttropez.aeroport.fr\/fr\/wp-json\/wp\/v2\/pages\/1744\/revisions\/3430"}],"up":[{"embeddable":true,"href":"https:\/\/www.sainttropez.aeroport.fr\/fr\/wp-json\/wp\/v2\/pages\/42"}],"wp:featuredmedia":[{"embeddable":true,"href":"https:\/\/www.sainttropez.aeroport.fr\/fr\/wp-json\/wp\/v2\/media\/1747"}],"wp:attachment":[{"href":"https:\/\/www.sainttropez.aeroport.fr\/fr\/wp-json\/wp\/v2\/media?parent=1744"}],"curies":[{"name":"wp","href":"https:\/\/api.w.org\/{rel}","templated":true}]}}

<div class="wp-block-group alignwide has-w-background-color has-background is-layout-flow wp-block-group-is-layout-flow">
<p class="wp-block-paragraph">Ce petit village est situé au confluent des deux vallées dans lesquelles se jettent la Mole et la Verne.</p>



<figure class="wp-block-image alignfull size-full"><img loading="lazy" decoding="async" width="940" height="553" data-tippy-content="la-mole-eglise-1-2-photo-bertrand" src="https://www.sainttropez.aeroport.fr/app/uploads/2022/12/la-mole-eglise-1-2-photo-bertrand.jpg" alt="" class="wp-image-1745" srcset="https://www.sainttropez.aeroport.fr/app/uploads/2022/12/la-mole-eglise-1-2-photo-bertrand.jpg 940w, https://www.sainttropez.aeroport.fr/app/uploads/2022/12/la-mole-eglise-1-2-photo-bertrand-300x176.jpg 300w, https://www.sainttropez.aeroport.fr/app/uploads/2022/12/la-mole-eglise-1-2-photo-bertrand-768x452.jpg 768w" sizes="auto, (max-width: 940px) 100vw, 940px" /></figure>



<p class="wp-block-paragraph">Elle était déjà habitée à l&rsquo;époque romaine et on y a retrouvé des ruines de tombes en briques et des constructions datant de cette époque. Après leur départ, un village fut construit sur le coteau de Sainte Madeleine (ou Magdeleine). Une gravure de 1008 mentionne « Ad molam « , dérivé de la fabrication de jalons à la main (mola manuaria). Il est également question de  » Castrum de mola  » et de  » Mola  » en 1079. A l&rsquo;époque, la seigneurie dépendait de l&rsquo;Abbaye de Saint Victor à Marseille.</p>



<figure class="wp-block-image alignfull size-full"><img loading="lazy" decoding="async" width="940" height="553" data-tippy-content="la-mole-chateau-26-photo-bertrand" src="https://www.sainttropez.aeroport.fr/app/uploads/2022/12/la-mole-chateau-26-photo-bertrand.jpg" alt="" class="wp-image-1749" srcset="https://www.sainttropez.aeroport.fr/app/uploads/2022/12/la-mole-chateau-26-photo-bertrand.jpg 940w, https://www.sainttropez.aeroport.fr/app/uploads/2022/12/la-mole-chateau-26-photo-bertrand-300x176.jpg 300w, https://www.sainttropez.aeroport.fr/app/uploads/2022/12/la-mole-chateau-26-photo-bertrand-768x452.jpg 768w" sizes="auto, (max-width: 940px) 100vw, 940px" /></figure>



<p class="wp-block-paragraph">Anecdote : En 1308, après 48 incendies, le village est reconstruit dans la plaine. Au XVIIe siècle, la seigneurie appartient à la famille Suffren. En 1728, on compte sept chefs de famille à La Mole. En 1851, la population du village était de 404 habitants ; de nos jours, 800 personnes y vivent.</p>



<p class="wp-block-paragraph"><strong>Le village de La Mole</strong></p>



<p class="wp-block-paragraph">Centre du village<br>83310&nbsp;&nbsp; La Mole<br>Tél.&nbsp;&nbsp;04 94 40 05 80<br>Fax&nbsp; 04 94 49 55 24</p>



<p class="wp-block-paragraph">Latitude : 43.2085 &#8211; Longitude : 6.46485</p>
</div>

<p>Ce petit village est situé au confluent des deux vallées dans lesquelles se jettent la Mole et la Verne. Elle était déjà habitée à l&rsquo;époque romaine et on y a retrouvé des ruines de tombes en briques et des constructions datant de cette époque. Après leur départ, un village fut construit sur le coteau de&#8230;</p>
