{"id":1774,"date":"2022-12-03T18:46:35","date_gmt":"2022-12-03T17:46:35","guid":{"rendered":"https:\/\/www.sainttropez.aeroport.fr\/?page_id=1774"},"modified":"2025-04-21T18:49:41","modified_gmt":"2025-04-21T17:49:41","slug":"festival-de-cinema-de-cannes","status":"publish","type":"page","link":"https:\/\/www.sainttropez.aeroport.fr\/fr\/decouverte-de-la-presquile\/festival-de-cinema-de-cannes","title":{"rendered":"Festival de cin\u00e9ma de Cannes"},"content":{"rendered":"\n<div class=\"wp-block-group alignwide has-w-background-color has-background is-layout-flow wp-block-group-is-layout-flow\">\n<p class=\"wp-block-paragraph\">Chaque ann\u00e9e, durant la seconde quinzaine de mai, la ville de Cannes est envahie par des cin\u00e9astes et prise d\u2019assaut par des milliers de photographes.<\/p>\n\n\n\n<p class=\"wp-block-paragraph\">Le Festival de Cannes, fond\u00e9 en 1946 sous l\u2019\u00e9gide de Jean Zay, ministre des Beaux-arts du Front populaire, et appel\u00e9 jusqu\u2019en 2002 le Festival international du film, est un festival de cin\u00e9ma international se d\u00e9roulant chaque ann\u00e9e \u00e0 Cannes (Alpes-Maritimes, France) durant douze jours.<\/p>\n\n\n\n<figure class=\"wp-block-image alignfull size-full\"><img loading=\"lazy\" decoding=\"async\" width=\"940\" height=\"553\" data-tippy-content=\"festival-cannes-2\" src=\"https:\/\/www.sainttropez.aeroport.fr\/app\/uploads\/2022\/12\/festival-cannes-2.jpg\" alt=\"\" class=\"wp-image-1779\" srcset=\"https:\/\/www.sainttropez.aeroport.fr\/app\/uploads\/2022\/12\/festival-cannes-2.jpg 940w, https:\/\/www.sainttropez.aeroport.fr\/app\/uploads\/2022\/12\/festival-cannes-2-300x176.jpg 300w, https:\/\/www.sainttropez.aeroport.fr\/app\/uploads\/2022\/12\/festival-cannes-2-768x452.jpg 768w\" sizes=\"auto, (max-width: 940px) 100vw, 940px\" \/><\/figure>\n\n\n\n<p class=\"wp-block-paragraph\">Il est devenu, au fil des ann\u00e9es, le festival de cin\u00e9ma le plus m\u00e9diatis\u00e9 au monde, et son influence n\u2019a cess\u00e9 de cro\u00eetre gr\u00e2ce aux m\u00e9dias et sponsors pr\u00e9sents \u00e0 cette occasion, notamment lors de la c\u00e9r\u00e9monie d\u2019ouverture et de la traditionnelle mont\u00e9e des marches : le c\u00e9l\u00e8bre tapis rouge et ses vingt-quatre \u00ab marches de la gloire \u00bb. Malgr\u00e9 ce prestige, le Festival a souvent \u00e9t\u00e9 critiqu\u00e9, et il fut \u00e0 l\u2019origine de plusieurs scandales ou controverses que relay\u00e8rent magazines et journaux, fran\u00e7ais et \u00e9trangers.<\/p>\n\n\n\n<figure class=\"wp-block-image alignfull size-full\"><img loading=\"lazy\" decoding=\"async\" width=\"940\" height=\"553\" data-tippy-content=\"festival-cannes-3\" src=\"https:\/\/www.sainttropez.aeroport.fr\/app\/uploads\/2022\/12\/festival-cannes-3.jpg\" alt=\"\" class=\"wp-image-1775\" srcset=\"https:\/\/www.sainttropez.aeroport.fr\/app\/uploads\/2022\/12\/festival-cannes-3.jpg 940w, https:\/\/www.sainttropez.aeroport.fr\/app\/uploads\/2022\/12\/festival-cannes-3-300x176.jpg 300w, https:\/\/www.sainttropez.aeroport.fr\/app\/uploads\/2022\/12\/festival-cannes-3-768x452.jpg 768w\" sizes=\"auto, (max-width: 940px) 100vw, 940px\" \/><\/figure>\n\n\n\n<p class=\"wp-block-paragraph\">Bien que faisant initialement figure de manifestation touristique et mondaine, le Festival a \u00e9t\u00e9 cr\u00e9\u00e9 pour r\u00e9compenser le meilleur film, le meilleur r\u00e9alisateur ou le meilleur acteur et la meilleure actrice d\u2019une comp\u00e9tition internationale de films. Pourtant, au fil des ann\u00e9es, d\u2019autres prix d\u00e9cern\u00e9s par un jury de professionnels, d\u2019artistes et d\u2019intellectuels, sont apparus et sont venus se rajouter au prestige cannois, comme le Prix du Jury, le Grand Prix et surtout la Palme d\u2019or. Aujourd\u2019hui, la s\u00e9lection officielle se veut le reflet de la production cin\u00e9matographique mondiale. La comp\u00e9tition met g\u00e9n\u00e9ralement en exergue le cin\u00e9ma d\u2019auteur ou de recherche.<\/p>\n\n\n\n<p class=\"wp-block-paragraph\">Source :&nbsp;<a href=\"http:\/\/fr.wikipedia.org\/\">http:\/\/fr.wikipedia.org<\/a><\/p>\n\n\n\n<p class=\"wp-block-paragraph\"><strong>Festival de cin\u00e9ma de Cannes<\/strong><\/p>\n\n\n\n<p class=\"wp-block-paragraph\">Cannes<\/p>\n\n\n\n<p class=\"wp-block-paragraph\">Latitude : 43.5509 &#8211; Longitude : 7.01859<\/p>\n<\/div>\n","protected":false},"excerpt":{"rendered":"<p>Chaque ann\u00e9e, durant la seconde quinzaine de mai, la ville de Cannes est envahie par des cin\u00e9astes et prise d\u2019assaut par des milliers de photographes. Le Festival de Cannes, fond\u00e9 en 1946 sous l\u2019\u00e9gide de Jean Zay, ministre des Beaux-arts du Front populaire, et appel\u00e9 jusqu\u2019en 2002 le Festival international du film, est un festival&#8230;<\/p>\n","protected":false},"author":1,"featured_media":1777,"parent":42,"menu_order":55,"comment_status":"closed","ping_status":"closed","template":"","meta":{"_acf_changed":false,"_crdt_document":"","footnotes":""},"class_list":["post-1774","page","type-page","status-publish","has-post-thumbnail","hentry"],"acf":{"title_alignement":"alignwide","address":false,"subtitle":"","autoplay":false,"delay":"","video_mp4":false,"video_webm":false,"poster_image":false,"nugget":false,"partner":false,"tab":false},"_links":{"self":[{"href":"https:\/\/www.sainttropez.aeroport.fr\/fr\/wp-json\/wp\/v2\/pages\/1774","targetHints":{"allow":["GET"]}}],"collection":[{"href":"https:\/\/www.sainttropez.aeroport.fr\/fr\/wp-json\/wp\/v2\/pages"}],"about":[{"href":"https:\/\/www.sainttropez.aeroport.fr\/fr\/wp-json\/wp\/v2\/types\/page"}],"author":[{"embeddable":true,"href":"https:\/\/www.sainttropez.aeroport.fr\/fr\/wp-json\/wp\/v2\/users\/1"}],"replies":[{"embeddable":true,"href":"https:\/\/www.sainttropez.aeroport.fr\/fr\/wp-json\/wp\/v2\/comments?post=1774"}],"version-history":[{"count":2,"href":"https:\/\/www.sainttropez.aeroport.fr\/fr\/wp-json\/wp\/v2\/pages\/1774\/revisions"}],"predecessor-version":[{"id":3432,"href":"https:\/\/www.sainttropez.aeroport.fr\/fr\/wp-json\/wp\/v2\/pages\/1774\/revisions\/3432"}],"up":[{"embeddable":true,"href":"https:\/\/www.sainttropez.aeroport.fr\/fr\/wp-json\/wp\/v2\/pages\/42"}],"wp:featuredmedia":[{"embeddable":true,"href":"https:\/\/www.sainttropez.aeroport.fr\/fr\/wp-json\/wp\/v2\/media\/1777"}],"wp:attachment":[{"href":"https:\/\/www.sainttropez.aeroport.fr\/fr\/wp-json\/wp\/v2\/media?parent=1774"}],"curies":[{"name":"wp","href":"https:\/\/api.w.org\/{rel}","templated":true}]}}

Festival de cinéma de Cannes

<div class="wp-block-group alignwide has-w-background-color has-background is-layout-flow wp-block-group-is-layout-flow">
<p class="wp-block-paragraph">Chaque année, durant la seconde quinzaine de mai, la ville de Cannes est envahie par des cinéastes et prise d’assaut par des milliers de photographes.</p>



<p class="wp-block-paragraph">Le Festival de Cannes, fondé en 1946 sous l’égide de Jean Zay, ministre des Beaux-arts du Front populaire, et appelé jusqu’en 2002 le Festival international du film, est un festival de cinéma international se déroulant chaque année à Cannes (Alpes-Maritimes, France) durant douze jours.</p>



<figure class="wp-block-image alignfull size-full"><img loading="lazy" decoding="async" width="940" height="553" data-tippy-content="festival-cannes-2" src="https://www.sainttropez.aeroport.fr/app/uploads/2022/12/festival-cannes-2.jpg" alt="" class="wp-image-1779" srcset="https://www.sainttropez.aeroport.fr/app/uploads/2022/12/festival-cannes-2.jpg 940w, https://www.sainttropez.aeroport.fr/app/uploads/2022/12/festival-cannes-2-300x176.jpg 300w, https://www.sainttropez.aeroport.fr/app/uploads/2022/12/festival-cannes-2-768x452.jpg 768w" sizes="auto, (max-width: 940px) 100vw, 940px" /></figure>



<p class="wp-block-paragraph">Il est devenu, au fil des années, le festival de cinéma le plus médiatisé au monde, et son influence n’a cessé de croître grâce aux médias et sponsors présents à cette occasion, notamment lors de la cérémonie d’ouverture et de la traditionnelle montée des marches : le célèbre tapis rouge et ses vingt-quatre « marches de la gloire ». Malgré ce prestige, le Festival a souvent été critiqué, et il fut à l’origine de plusieurs scandales ou controverses que relayèrent magazines et journaux, français et étrangers.</p>



<figure class="wp-block-image alignfull size-full"><img loading="lazy" decoding="async" width="940" height="553" data-tippy-content="festival-cannes-3" src="https://www.sainttropez.aeroport.fr/app/uploads/2022/12/festival-cannes-3.jpg" alt="" class="wp-image-1775" srcset="https://www.sainttropez.aeroport.fr/app/uploads/2022/12/festival-cannes-3.jpg 940w, https://www.sainttropez.aeroport.fr/app/uploads/2022/12/festival-cannes-3-300x176.jpg 300w, https://www.sainttropez.aeroport.fr/app/uploads/2022/12/festival-cannes-3-768x452.jpg 768w" sizes="auto, (max-width: 940px) 100vw, 940px" /></figure>



<p class="wp-block-paragraph">Bien que faisant initialement figure de manifestation touristique et mondaine, le Festival a été créé pour récompenser le meilleur film, le meilleur réalisateur ou le meilleur acteur et la meilleure actrice d’une compétition internationale de films. Pourtant, au fil des années, d’autres prix décernés par un jury de professionnels, d’artistes et d’intellectuels, sont apparus et sont venus se rajouter au prestige cannois, comme le Prix du Jury, le Grand Prix et surtout la Palme d’or. Aujourd’hui, la sélection officielle se veut le reflet de la production cinématographique mondiale. La compétition met généralement en exergue le cinéma d’auteur ou de recherche.</p>



<p class="wp-block-paragraph">Source :&nbsp;<a href="http://fr.wikipedia.org/">http://fr.wikipedia.org</a></p>



<p class="wp-block-paragraph"><strong>Festival de cinéma de Cannes</strong></p>



<p class="wp-block-paragraph">Cannes</p>



<p class="wp-block-paragraph">Latitude : 43.5509 &#8211; Longitude : 7.01859</p>
</div>

<p>Chaque année, durant la seconde quinzaine de mai, la ville de Cannes est envahie par des cinéastes et prise d’assaut par des milliers de photographes. Le Festival de Cannes, fondé en 1946 sous l’égide de Jean Zay, ministre des Beaux-arts du Front populaire, et appelé jusqu’en 2002 le Festival international du film, est un festival&#8230;</p>
